t common factor of 14 and l?
2
Suppose -o - 17 = x, -o - 5*x + x = 14. Let k be (o/(-24))/((-2)/(-48)). Suppose k = s - 57. What is the highest common divisor of 30 and s?
15
Let u(c) = 5*c**2 - c + 5. Let r be u(-5). Calculate the highest common divisor of 30 and r.
15
Let r = -62 - -60. Let y be -3 - r*1/2*4. What is the greatest common divisor of y and 2?
1
Let f = -152 - -157. Let v = -46 + 77. Suppose 1 = -f*l + v. Calculate the highest common factor of 15 and l.
3
Let a(d) be the third derivative of 23*d**4/24 - 16*d**3/3 - 33*d**2. Let o be a(4). Calculate the greatest common divisor of o and 40.
20
Let z(f) = 2*f**2 + 2*f - 4. Let c be z(-4). Let n(p) = 6*p**2 - 6. Let y be n(-4). Calculate the greatest common factor of y and c.
10
Suppose 0*u + u = 162. Let d(j) = -12*j**3 + 5*j**2 - 7*j - 6. Let b be d(-1). What is the greatest common divisor of b and u?
18
Suppose 517*k - 11856 = 469*k. Calculate the greatest common divisor of 104 and k.
13
Suppose -s + 5*j + 55 = 0, s + 135 = 5*s - 3*j. Calculate the greatest common factor of 180 and s.
30
Suppose 0 = 4*t - 256 + 180. Let w(s) be the third derivative of -13*s**4/6 - 2*s**3/3 + s**2. Let m be w(-3). Calculate the highest common divisor of m and t.
19
Suppose 5*o + g = 413, -o + 5*o = 2*g + 322. What is the highest common divisor of o and 369?
41
Let k be 189/(-72) - -3 - 149/(-8). Calculate the highest common factor of k and 1919.
19
Let n(w) = 45*w**2 - 6*w - 6. Let u be n(-1). Let j = -43 - -61. Calculate the highest common divisor of u and j.
9
Suppose -f = -5*f - 5*j - 17, 0 = -j - 5. Let h(o) = 24*o**f - 7*o - 14*o**2 + 4 - 7*o**2. Let k be h(3). What is the greatest common divisor of k and 50?
10
Suppose -3*w - 4*a = -7*w + 68, 4*w + 5*a = 59. What is the highest common divisor of 48 and w?
16
Let u be -6*((150/(-4))/5 + (21 - 14)). Suppose 0 = s - 3, -j + 3*s = 3*j - 123. Calculate the greatest common divisor of u and j.
3
Let a be (-1)/4*-2*8. Suppose 4*d + 28 = 2*k, -4*d - 24 = -a. Calculate the highest common divisor of 4 and k.
4
Let d(c) be the second derivative of 13*c**4/6 + c**3/3 + 22*c. Let g be d(-1). What is the highest common divisor of 8 and g?
8
Let p be ((-4)/(-2))/((-11)/(-143)). Suppose p*n = 27*n - 3. What is the highest common divisor of 9 and n?
3
Let q(x) = 210*x + 2118. Let t be q(-9). Let l(a) = 3*a**2 - 6*a - 7. Let w be l(5). What is the highest common divisor of w and t?
38
Let j(s) = 31*s**2 - 2*s - 1. Let y be (-9)/(-3)*(-12)/(-9). Suppose y*l + 5 = -l. Let p be j(l). What is the greatest common factor of p and 8?
8
Let l be (-4496)/(-6) + 15 + (-147)/9. Calculate the greatest common factor of 136 and l.
68
Suppose -2*d - 10 = u - 16, -3*u + d + 18 = 0. What is the highest common divisor of u and 76?
2
Suppose -74*z + 84 = -70*z. Let t be z*(4 - (-64)/(-28))/2. Calculate the greatest common divisor of t and 144.
18
Let w = 624 + 91. Calculate the highest common factor of w and 77.
11
Let m be 66/4 - 3/6. Let n = 15 - m. Let v be 6/(n + (-15)/(-6)). What is the highest common divisor of 12 and v?
4
Suppose 2*m + 4 = 0, m + 898 = -0*j + 4*j. Suppose 459 = 53*y - 283. Calculate the greatest common divisor of y and j.
14
Let k(v) = -v**3 + 3*v**2 - 2*v + 2. Let z be k(2). Let b = -1 + 13. Let l = -10 + b. Calculate the highest common factor of z and l.
2
Let x(f) = f**3 + 2*f**2 - 12*f - 9. Let a be x(-4). What is the greatest common factor of a and 5?
1
Let w be -3*((-51)/(-9))/(-1). Let r = w + 7. Suppose 0 = 15*z - 14*z - 36. What is the highest common factor of z and r?
12
Let z(d) = -d**3 + 20*d**2 - 81*d + 164. Let u be z(15). Let p(q) = 2*q**2 - 4*q + 7. Let b be p(5). Calculate the highest common divisor of b and u.
37
Suppose 3*n = -2*g - 11, -3*g - g - 2*n - 2 = 0. Suppose -g*v - m + 14 = 0, 3*v - 30 = -5*m - 9. What is the highest common divisor of v and 14?
7
Let f be 0 + 0 + -11 + 19. Calculate the highest common factor of 9 and f.
1
Let j be -39*3/6 + 7/14. Let a(r) = -2*r + 34. Let s be a(j). What is the greatest common factor of s and 18?
18
Suppose 301 + 3668 = 27*i. Calculate the highest common divisor of 14 and i.
7
Suppose -4*v + 57 - 29 = 0. What is the highest common factor of 1043 and v?
7
Let f be (6/(-10))/(2/(-60)). Suppose -4*z - k = 4*k - 24, -3*z = 4*k - f. Calculate the greatest common factor of z and 12.
6
Let t = -52 - -42. Let a = t - -43. What is the highest common factor of a and 3?
3
Let o(r) be the third derivative of -13/12*r**4 + 0 + 0*r - 1/2*r**3 + 7*r**2. Let n be o(-2). Calculate the greatest common divisor of n and 7.
7
Suppose -2*d + 7*n - 3*n + 346 = 0, -157 = -d - 2*n. Let s be (3 - 5) + 63 + 1. Let p be -4*(s/(-4) - 1). What is the greatest common factor of d and p?
33
Suppose 0 = -7*u + 413 + 280. Let x = -71 + u. Calculate the highest common factor of 14 and x.
14
Suppose 6*r + 64 = -2*r. Let z(j) = -5*j - 4. Let l be z(r). What is the highest common factor of 180 and l?
36
Suppose -390 = -7*u + 2*u. Let x = -1380 + 1432. What is the greatest common divisor of u and x?
26
Suppose -2*a - 6 - 130 = -4*d, 3*a + 194 = 4*d. Let f = 62 + a. What is the greatest common factor of 32 and f?
4
Let c(j) = j**3 + 3*j**2 + 3*j - 5. Let m be c(-4). Let x = m - -67. Let n = x + -30. Calculate the highest common factor of n and 1.
1
Let o(n) = 8*n**2 + 22*n - 32. Let r be o(8). What is the greatest common divisor of r and 410?
82
Let x be (-2)/9 - 4191/(-27). Let q(m) = m**3 - 12*m**2 - 17*m - 18. Let s be q(13). Let h = s + x. Calculate the highest common divisor of h and 17.
17
Suppose -1905 - 795 = -2*y - 5*m, -m = 0. What is the highest common factor of 300 and y?
150
Let c(k) = k**3 + 13*k**2 - 16*k - 14. Suppose -3*o - o = 56. Let n be o/((-8)/(-4) + -1). Let a be c(n). What is the greatest common divisor of a and 14?
14
Let z(a) = -a + 12. Let d be z(10). Suppose d*w + 117 = -91. Let q be w/(-10) + 4/(-10). What is the greatest common factor of q and 5?
5
Suppose -g + 67 = 2*t, 3*g - 4*t - 183 = -t. Calculate the highest common divisor of 7 and g.
7
Let r = -8 - -41. Let k(s) = s**2 - 8*s - 11. Let f be k(11). Calculate the highest common divisor of f and r.
11
Let x = -17 - -4. Let g = 1 - x. Suppose -t + 8 = 2*k - 66, -39 = -k - t. What is the highest common factor of k and g?
7
Suppose -172 = b - 176. What is the greatest common divisor of 8 and b?
4
Let w = -24 - -92. Let d = w + -14. Let l = 234 + -153. What is the greatest common divisor of l and d?
27
Suppose 0*j - 5 = -j. Suppose 4*u = 4, -j*y - 3*u + 26 + 42 = 0. Calculate the greatest common factor of y and 13.
13
Let q be (12/(-16))/(1/(-144)). Let z = 110 - q. Let l = 3 + -2. Calculate the highest common divisor of z and l.
1
Let s(p) be the third derivative of -p**5/60 + p**4/2 - 2*p**3/3 + 3*p**2. Let x be s(11). What is the greatest common divisor of 7 and x?
7
Let u be 3/7 - 33/(-21). Suppose -u*w - 5*f + 47 = 0, -5*w = -2*f - f - 71. Suppose g + g = 224. Calculate the highest common factor of w and g.
16
Let n = -1400 - -1415. Calculate the greatest common divisor of 1680 and n.
15
Let f be 924/35 - (-3)/((-30)/4). Let x be -3 - (0/(-4) - 6). Let w be (2 + x + -3)*13. Calculate the highest common divisor of w and f.
26
Suppose 9*k = 8*k + 4. Suppose 2*m - 40 = k*r, 155 = 5*m - r + 2*r. Let y = m + -15. Calculate the greatest common divisor of y and 75.
15
Let q be (-40)/(-8)*(-4)/(-5). What is the greatest common factor of 64 and q?
4
Suppose -14*q - 1596 = -56*q. What is the highest common divisor of 209 and q?
19
Let x be (-4)/((-141)/(-147) + -1). Let y be -1*4/8*6. Let h = 17 + y. Calculate the highest common factor of h and x.
14
Suppose -5*w + 119 + 1 = 0. Suppose 4*r - 3*r = w. Let f be 0 + 0 + 4 + -1. Calculate the greatest common divisor of f and r.
3
Let s = -23 + 14. Let x = 13 + s. Let y = 8 + 4. What is the highest common factor of y and x?
4
Let s = 8 - 4. Suppose -3*o - 2*o = 4*j, s*j = -o. Let c(f) = f**2 + 72. Let x be c(j). What is the highest common divisor of x and 9?
9
Suppose -v - 2 = 0, 0 = -4*r + r - 3*v + 291. Let g(d) = -10 + 36*d**2 + 4*d - 65*d**2 + 30*d**2. Let x be g(-7). What is the greatest common factor of r and x?
11
Suppose -19*l + 22*l - 690 = 0. What is the highest common factor of 46 and l?
46
Suppose 